16, what is -3b + 5?
-36
In base 13, what is 1c0 + -7?
1b6
In base 4, what is -1313 + -21?
-2000
In base 4, what is 31223310 + 1?
31223311
In base 2, what is 10 - -10101110000?
10101110010
In base 13, what is -216 + -3?
-219
In base 7, what is -1220 + -14?
-1234
In base 4, what is 1232032 + 2?
1232100
In base 5, what is -4 - 142424?
-142433
In base 9, what is 31 + -5?
25
In base 13, what is -753 - 3?
-756
In base 7, what is -31 - -255?
224
In base 7, what is -15 - -42?
24
In base 13, what is 1 + 1351?
1352
In base 11, what is -209 - 3?
-211
In base 16, what is 1 + -26?
-25
In base 6, what is 5 - -10420?
10425
In base 9, what is 107 + 117?
225
In base 5, what is -10 - 1040?
-1100
In base 9, what is 2 - -220?
222
In base 10, what is 1483 - 1?
1482
In base 14, what is -2aa7 - 3?
-2aaa
In base 7, what is -522 + -26?
-551
In base 6, what is -24125 + 3?
-24122
In base 12, what is 73a0 - -4?
73a4
In base 5, what is 24 - 1024?
-1000
In base 8, what is 0 - -16413?
16413
In base 9, what is 74 - 3?
71
In base 7, what is 4 + -150?
-143
In base 3, what is 10 + -11022202?
-11022122
In base 15, what is -2 + -5?
-7
In base 7, what is 24544 + 3?
24550
In base 7, what is 135 - -5?
143
In base 10, what is -1 + -1916?
-1917
In base 6, what is -354 - 54?
-452
In base 11, what is -1 + 162?
161
In base 3, what is 101 - -220?
1021
In base 11, what is -92 + 18?
-75
In base 13, what is -4 + c7?
c3
In base 11, what is 81 + 1?
82
In base 7, what is -11643 - -6?
-11634
In base 6, what is 53521 - 3?
53514
In base 2, what is 100 - 10011111110?
-10011111010
In base 11, what is 54 + 1a?
73
In base 4, what is -11 - -13?
2
In base 14, what is 7 - 12?
-9
In base 13, what is -2 - 4a1?
-4a3
In base 4, what is -3132 + 11?
-3121
In base 6, what is -2 + 51?
45
In base 4, what is 0 + -13?
-13
In base 14, what is 79 + -a?
6d
In base 4, what is 12 + 223?
301
In base 3, what is 2 + 221011?
221020
In base 9, what is -25 + -2?
-27
In base 10, what is 67 - -3?
70
In base 11, what is -365 + -23?
-388
In base 12, what is -15 + -42?
-57
In base 5, what is -103404 - -22?
-103332
In base 14, what is 3 + -536?
-533
In base 9, what is 46 - 153?
-106
In base 3, what is 10 + -1222?
-1212
In base 3, what is 100201 - 11?
100120
In base 4, what is 2011 - 103?
1302
In base 14, what is 1954 + -5?
194d
In base 8, what is 1 - -5317?
5320
In base 3, what is -200000 + 0?
-200000
In base 14, what is -4 - 49?
-4d
In base 14, what is 2 - -703?
705
In base 13, what is -1c77 + -3?
-1c7a
In base 14, what is -4 + -3a?
-40
In base 14, what is -59 + -17?
-72
In base 7, what is 12 - -101?
113
In base 10, what is 392 - 3?
389
In base 16, what is 8 + 20?
28
In base 10, what is -4 - -11?
7
In base 6, what is 5 - -254?
303
In base 12, what is 4 - 60?
-58
In base 4, what is -3 + 3231?
3222
In base 4, what is 2 - 3033?
-3031
In base 8, what is -330 + -42?
-372
In base 11, what is 2 - -82?
84
In base 13, what is 1492 - 0?
1492
In base 10, what is 12 + 293?
305
In base 8, what is -20 + -605?
-625
In base 11, what is 651 + -4?
648
In base 15, what is -1 - -11a?
119
In base 12, what is -4277 - 2?
-4279
In base 5, what is -4 + -11?
-20
In base 3, what is -20 - 1220200?
-1220220
In base 6, what is 4 - 11230?
-11222
In base 15, what is a42 - -5?
a47
In base 10, what is -4 - 72?
-76
In base 10, what is 1 + -1047?
-1046
In base 3, what is -1 + -211222?
-212000
In base 4, what is 20 + 133?
213
In base 2, what is -10011 - 11?
-10110
In base 12, what is -325 + -59?
-382
In base 16, what is 4d + -10?
3d
In base 7, what is 1056 + 5?
1064
In base 7, what is 0 + 11354?
11354
In base 13, what is -2 - 431?
-433
In base 3, what is -2 + 2121?
2112
In base 13, what is 4 + 2a4?
2a8
In base 12, what is 78b + 7?
796
In base 13, what is -5 + -8?
-10
In base 3, what is -12 + 100?
11
In base 4, what is 2003 - 0?
2003
In base 10, what is -5956 - -4?
-5952
In base 10, what is -3 - 128?
-131
In base 4, what is -12 + -121?
-133
In base 2, what is -1111101 + 1?
-1111100
In base 9, what is -14 + -25?
-40
In base 16, what is -bf + 5?
-ba
In base 15, what is -5 - -ca?
c5
In base 10, what is 5 - 46?
-41
In base 15, what is -14 - 7?
-1b
In base 6, what is -4 + -554?
-1002
In base 14, what is -1 + -78?
-79
In base 16, what is 7 + -7?
0
In base 2, what is -100 + 111000?
110100
In base 3, what is -120020 - -1?
-120012
In base 10, what is -1677 + 3?
-1674
In base 4, what is 13023 + -1?
13022
In base 2, what is -1010000 + 1000010?
-1110
In base 16, what is -3 + 20?
1d
In base 6, what is 1 + -112?
-111
In base 10, what is 1 - -117?
118
In base 10, what is -19 - 0?
-19
In base 5, what is 1 - -221?
222
In base 9, what is -1 - -70?
68
In base 8, what is -1 + 2022?
2021
In base 8, what is -3 + 10?
5
In base 15, what is 1 + -dd?
-dc
In base 15, what is 50 + -3?
4c
In base 15, what is 2d7 - 0?
2d7
In base 2, what is -101001 - 1111?
-111000
In base 3, what is 20 + 0?
20
In base 14, what is 308 - -2?
30a
In base 13, what is -8 - 153?
-15b
In base 7, what is 2114 + -2?
2112
In base 16, what is -11a0 + 7?
-1199
In base 13, what is -9 - -b?
2
In base 12, what is -7045 - 5?
-704a
In base 4, what is -2300223 + 10?
-2300213
In base 11, what is 0 - 406?
-406
In base 10, what is 269 + 0?
269
In base 10, what is -4 - -126?
122
In base 15, what is -11c - -2c?
-e0
In base 12, what is -4 + 54?
50
In base 14, what is -b + -6?
-13
In base 7, what is 0 - -25641?
25641
In base 8, what is -4 + -14?
-20
In base 10, what is 0 - 1183?
-1183
In base 14, what is c00 - 7?
bd7
In base 2, what is 11011111 + 10?
11100001
In base 9, what is -36 + -32?
-68
In base 12, what is 98 + -3?
95
In base 2, what is -1000 - -1011?
11
In base 3, what is -10 + 21002?
20222
In base 11, what is -4 + a03?
9aa
In base 2, what is 11 - -11101000110?
11101001001
In base 7, what is -3 - -220?
214
In base 7, what is 21442 + -1?
21441
In base 11, what is 3 + -6?
-3
In base 13, what is -c - 28c?
-29b
In base 8, what is 11 + 5?
16
In base 16, what is -3 + 6?
3
In base 13, what is 1 + 26a?
26b
In base 15, what is -1a + 11?
-9
In base 16, what is 128d + -5?
1288
In base 9, what is -7848 + 2?
-7846
In base 14, what is 4c + 1?
4d
In base 16, what is -2 - 3c?
-3e
In base 13, what is -1b - 364?
-382
In base 13, what is 2 - -639?
63b
In base 8, what is 23 + 2072?
2115
In base 14, what is 77 - 7?
70
In base 11, what is 72a7 - 5?
72a2
In base 4, what is -3 + 12?
3
In base 5, what is -4023 - -40?
-3433
In base 14, what is -41 + -22?
-63
In base 9, what is -3 - -60?
56
In base 2, what is 11111 + 1010101?
1110100
In base 13, what is 10 - -20?
30
In base 10, what is 159 + 2?
161
In base 14, what is 4 + 2d?
33
In base 4, what is -31012 - -11?
-31001
In base 2, what is 1000100 + 110?
1001010
In base 10, what is -3 - 1564?
-1567
In base 16, what is 3 - -711?
714
In base 7, what is 14 + 423?
440
In base 14, what is 2 - -67c?
680
In base 3, what is 12011020 + -10?
12011010
In base 6, what is 52 + -1240?
-1144
In base 4, what is 111 - 23?
22
In base 15, what is 11 - 3bc?
-3ab
In base 5, what is 23332 + 0?
23332
In base 14, what is -4 - 43?
-47
In base 4, what is -11 + -20101?
-20112
In base 9, what is 26 - -40?
66
In base 12, what is -3 - 2692?
-2695
In base 9, what is -2 + 221?
218
In base 16, what is -21 - -6c?
4b
In base 2, what is 1 - -1101110111?
1101111000
In base 15, what is -2 - 177?
-179
In base 15, what is -426 - 1d?
-444
In base 6, what is -31000 + -1?
-31001
In base 15, what is -825 - 2?
-827
In base 15, what is 1 - -2906?
2907
In base 10, what is 451 - -1?
452
In base 7, what is -25 - 1134?
-1162
In base 15, what is -47bd + -1?
-47be
In base 5, what is 1 - 322?
-321
In base 13, what is 38a + -5?
385
In base 3, what is 1110020 + 2?
1110022
In base 12, what is -2a0 - 2?
-2a2
In base 5, what is 1 - -104240?
104241
In base 13, what is 2 - -97?
99
In base 10, what is -2189 - -2?
-2187
In base 12, what is -26 - 14?
-3a
In base 16, what is 6e - -8?
76
In base 16, what is -8b2 + 4?
-8ae
In base 13, what is -2 + 8?
6
In base 13, what is -20 - 21?
-41
In base 16, what is e89 - 5?
e84
In base 7, what is 1 + 12?
13
In base 6, what is -334 + 3?
-331
In base 8, what is 53 - 216?
-143
In base 3, what is -1100 + 112?
-211
In base 2, what is 1101 - -1010011?
1100000
In base 6, what is -5 - 34?
-43
In base 6, what is -3 + -23102?
-23105
In bas